te 39 + -36 - (-130 + 179).
-46
Evaluate (19 + 2 - -31) + -71.
-19
Calculate -35 + -49 + 28 - 16.
-72
What is 4 - 1 - (-18 - (4 - (-1 - -16)) - -103)?
-93
(526 - 240) + -171 + 23
138
What is the value of 2 + 5 + 55 + (-72 - 0) + -2 + 55?
43
74 + (-115 + 34 - -81)
74
What is (-60 + 77 - -10) + -83?
-56
What is the value of 34 + 43 + -6 + -40 + (2 - 2 - 5)?
26
42 - (45 - (34 + -41))
-10
What is (-8 - (-9 + (-4 - (1 - (6 - -4))))) + 50?
46
What is -169 + (1 - -100) - ((0 - -1) + -14)?
-55
Evaluate 73 - (0 + 9 + (-4 + -67 - -64)).
71
(-65 - 0) + 1 + 269 + -255 - 18
-68
Evaluate -11 + -62 - (388 + -428).
-33
-2 - -28 - -1 - (-956 - -973)
10
What is the value of (-301 - -289 - (-1 + 0)) + 23?
12
0 - -47 - 13 - 14 - (1 + -48)
67
Evaluate 8 - (-32 - -17 - (-13 + 0) - -10 - 48).
48
What is the value of 116 + (22 + -33 + 3 - 5)?
103
-2 - ((2 - 16) + 38 + -14) - -40
28
-47 + 1 + (-3 - -1) + -111 + 115 - 4
-48
Evaluate (0 - (-4 + 10)) + 257 + -238 - (-6 - 0).
19
What is 11 + -92 + 160 + -122?
-43
Calculate -97 + (-41 - -36 - (1 + 2)) + 12.
-93
What is (9 - 2) + (2894 - 2894)?
7
What is the value of 42 + (22 - -8) + -28 + 10?
54
What is -70 + 25 - -45 - ((2 - -2) + -5 + -16)?
17
What is (-5 - -11) + -6 + -56 + 60?
4
What is the value of 4 + 21 + 2070 + -1961?
134
What is the value of 3 + 0 + 7 + (0 - 13) + 10?
7
1 - 0 - (-43 + (93 - 58))
9
What is -37 - (-18 + 58 - 25) - (-11 + -2)?
-39
53 + -2 + 49 - 8
92
(-31 - -11) + 1 - 35 - (2 + 0 + 3)
-59
What is (8 - 33) + 11 - (94 + 8 + 7)?
-123
What is 11 - (-7 - (8 + -65 + 11 - (8 - -1)))?
-37
What is (-6 + -1 + -3 - -9) + -7 + (-6 - -9)?
-5
What is 60 + -160 + 75 + -6?
-31
What is the value of 1 - (-5 + 1 + -2) - (331 + -180 - 161)?
17
What is the value of 1 + 48 - (14 + (8 - (18 - 6)))?
39
What is the value of (8 + 28 - 23) + -23 - 19?
-29
What is the value of 45 - (-18 + 10) - (1 - (-4 - 6))?
42
(6 + -30 + 58 - 31) + (-1 - -6)
8
What is the value of (3 - 0) + 1 + (3564 - 3573) - (-55 - 1)?
51
What is 6 + 2 + (-10 - -1) + 23?
22
What is -47 - 56 - (-3 - 14) - (-10 + -3)?
-73
Calculate 514 - 513 - (-50 + 3 + (-2 - -3)) - -9.
56
Evaluate 25 + (3 - -7) + 0 + -17 + -4 - -6.
20
What is -10 + 2 - (8 + (14 - 13) + -42)?
25
What is the value of -104 + (6 - 2) + -26 + -23 + 13 + 48?
-88
-35 - (8 - (60 - 0))
17
Calculate -66 - -12 - (-1 - (25 + 13)).
-15
What is the value of -3484 + 3477 - (-1 + -19)?
13
Evaluate 2 + -8 + 15 + 32 + -45.
-4
-1 + (15 + -12 + -3 + 7 - -123) + -9
120
What is (7 + 2 - (18 - (17 - -3))) + -2?
9
What is -7 + (10 - 17) + 5 - (13 - -2)?
-24
Evaluate (8 + -2 - -3 - (27 + -28)) + (-1 - -105).
114
-2 + 3 - -76 - (-249 + -230 + 487)
69
Evaluate 1 + -8 + (-2903 - -2922) + 2 + -4 + 23.
33
7 - (39 + (22 - 65) - (-2 + 1 - -1))
11
(18648 - 18535) + (0 - 39)
74
-252 - -267 - (-3 + 25) - ((1 - 96) + -1)
89
What is the value of 10 + (6 - 3 - 5) + -1 + (290 - 254)?
43
What is the value of 20 + -79 - (-103 + -33)?
77
What is the value of (-31 - (14 + -30)) + (21 - -91)?
97
Evaluate -31 + 6 + 8 + 18 - (-2 - 51 - 0).
54
Evaluate 8 - (-9 + 13 - (10 + (6 - 13))).
7
What is the value of -15 + -12 - -55 - 19 - (0 - (2 + 37))?
48
Evaluate -1 + (24 - ((31 - 13) + -7)).
12
What is the value of (46 + 4 - 1) + (51 - (72 - 8))?
36
Calculate -2 + -4 + (-8 - -4) + 11.
1
What is the value of 10 - (3 + -28 + (-141 - -161))?
15
Evaluate -271 + 295 - (5 - (46 - 2)).
63
What is the value of 4035 - 4004 - (-1 - (1 - 19))?
14
Calculate -28 + -43 - -33 - -82.
44
Evaluate -2342 - -2223 - (1 + -80).
-40
2 - -9 - (-22 + (-5 - 14)) - (0 + -2)
54
What is -6 - (1 + -8 + 6) - (-19 + 1 - -18)?
-5
What is the value of (-4 - -1 - (33 + -13)) + -1 + 2?
-22
Calculate 3 + -90 - ((-16 - -12 - -7) + (19 - 23)).
-86
What is the value of (-32 + (108 - -4) - 8) + 2?
74
Evaluate 3 - 96 - (144 + -271).
34
(105 - 109) + (-5 - 5) + -3
-17
What is the value of 0 + -37 - (-55 - -48 - (-1 - -2) - -6)?
-35
What is -43 + -20 + 70 + 14 + (-2 - (-2 - 1))?
22
What is -14 + -26 - (-15 + (-13 - -6))?
-18
What is 8 - 3 - (-42 + 6 + -9 - (-60 + 63))?
53
-134524 + 134496 + -38 + (1 - 1)
-66
What is (10 - (-17 + 18)) + (-105 - -70)?
-26
Calculate -82 + (79 - 37) + 98.
58
Calculate (-1 + -2 + 7 - 39) + -223 + 209.
-49
(-10 - -4 - 8 - 6) + 60
40
Calculate -42 + -25 + 31 + 24 - -21.
9
Calculate -1 + 1 + (-9 - -46) - (-156 - -168).
25
What is -1 - -19 - ((33 - 69) + 103)?
-49
What is (52 - (63 - -80)) + 13?
-78
Calculate (22 - 4) + (17 - (32 - 25)) + 1 + -5.
24
What is the value of 38 + (-50 - (-20 + -20))?
28
Calculate -75 + (86 - 24) + -13.
-26
(11 - 54) + -58 + 50
-51
Calculate -50 + 45 + (-40 - 35) + -3.
-83
What is 35 - ((-250 - -269) + 1 + -17)?
32
Evaluate -1 - (121 + -10 + -111).
-1
22 + -25 + -37 + -4 + -3 + -5
-52
What is 1 + -17 - (-957 - -921)?
20
What is the value of -28 + 38 - (-3 - (-31 + (-18 - -9)))?
-27
What is -24 + (-6 - 0 - (3 + -15 - -11))?
-29
What is the value of 60 - (-4 - (-16 + 26) - -17)?
57
Evaluate 130 + -55 + -73 - (5 + -1).
-2
What is (-26 - 12) + 6 - 55 - -32?
-55
Evaluate (-3 - (-28 - -1)) + (22 - 32) + -2 - -129.
141
Evaluate (101 - (248 + -132)) + (17 - -1).
3
Evaluate (3 - 88) + 23 - (-3 + 3) - (-8 - -14).
-68
Calculate -1 + 22 - (-527 + 527) - -9.
30
What is the value of 17 + 4 + (2 - (37 - -8))?
-22
What is (-41 - 1) + 5 - (6 + -20 - -4)?
-27
What is the value of 25 - ((-19 - 2) + (-359 - -343))?
62
Calculate 2 + -4 + (0 - (14 + -18) - 9).
-7
What is 57 + -16 + -369 + 265?
-63
Calculate 33 + 22 + 63 + -119.
-1
1 + 55 + -11 + -18 + 12
39
Evaluate 12 + -4 - (-15 - 17).
40
Evaluate -13 - (18 + -13 - (-3 - -15)).
-6
What is the value of 54 - (6 + -13 + (15 - (-14 - (5 - 15))))?
42
What is the value of -9 - -6 - (-2 + 50)?
-51
Evaluate -110 - -74 - -50 - (5 - -2).
7
Evaluate 2 + -6 - (59 + -57 + (3 - 1) + -105).
97
What is the value of 2 + 1 + 0 + (1324 - 1301)?
26
What is -126 + -29 + 2 + -40 + 63 + -19?
-149
What is the value of -3 + 16 + 220 + -206 - -14?
41
-93 - (-10 - (86 + -59))
-56
What is (-8 + 24 - 28) + (1 - 13)?
-24
What is 0 - -1 - (-2 + -40 - -16 - -124) - 10?
-107
What is the value of (-6 - -66 - 105) + 73?
28
What is 0 - -16 - ((-86 - -53) + 47) - -11?
13
Evaluate (14 - 13) + -13 - (5 - -37) - -2.
-52
What is (-20 - (-25 - -12)) + 12 + -13?
-8
What is -86 + (80 - (20 - -8))?
-34
(21 - (65 + -13) - (-6 - -1)) + 14 + 85
73
What is (-6 - -3) + -4 + 7 + 14?
14
(50 - -36) + (-182 - -63)
-33
Calculate (-10 - (1 - 1)) + 1 - (-110 + 115).
-14
Calculate -71 + 27 + -3 - -36.
-11
Calculate -394 + 265 - (-1 + -12 + (-25 - -24)) - 5.
-120
Calculate (10 - -1) + -15 - 13 - -63 - (3 + -1).
44
What is the value of 68 + -52 + 1 + (-3 - -3)?
17
(16 - (20 - 6)) + -13 + 48 + 3
40
Calculate 90 + -66 - (6 - -49).
-31
What is the value of 95 + -6 + 18 + (-6 + -13 - -7)?
95
45 - (-8 + 9 + 1)
43
What is the value of (33 - 20) + -28 + 8 + -7 - (16 + -23)?
-7
Evaluate 5 + -21 - 92 - -82.
-26
Evaluate 2 + -2 + -2 + 9 - (-2460 - -2448).
19
Evaluate 101 + 6 + (-5 - (0 - -2)) + -4.
96
What is (-1 - -7) + 91 + -31 + -4?
62
-16 - ((13 - (17 + -15)) + -119 - 12)
104
146 - 133 - (3 + -8 - -3) - 7
8
What is the value of (8 - 22 - -55) + -12 + 7?
36
What is the value of -105 + -14 + (5 - (0 - 5)) + -11 + 6?
-114
(15 - (11 + -51 + -50)) + -49
56
Evaluate -3 - (-4 + 13) - -15 - (-2 + 2).
3
(-10 + (-1 - -5) - 2) + (7 - (5 - 4))
-2
Calculate -1 - (-13 - -76) - (146 - 174).
-36
What is -63 + -7 + -41 + 36?
-75
Evaluate (-11 + 19 - 8) + (-116 - -129).
13
Calculate 2 - (0 - -91) - ((26 - (-21 - -9)) + -37).
-90
Calculate 2 + (118 - 275 - -19).
-136
Calculate 157 - 137 - (-4 + 23).
1
What is the value of -2 + 20 - (-136 - -149) - (-61 - 3)?
69
Evaluate -112 + 47 + 54 + (-4 - -19).
4
Calculate 15 - (-307 + 325 - (3 + 2)).
2
What is -100 - (-30 + (-31 - -7))?
-46
Evaluate (-3 - 2 - 22) + (-86 - -101).
-12
88 - (-7 + 1 - (86 - 109) - 11)
82
Calculate (-3 - 33) + -28 + 26 + -8.
-46
-19 - ((-47 - -37) + 20) - (-1 - -1 - -10)
-39
-2 + (11 - (-12 + -15)) + 5
41
Evaluate (-1 - (-1 - 1)) + -128 - (-203270 + 203274).
-131
What is 116 - (-1 + 1 - -2) - (-6501 + 6516)?
99
What is the value of -38 - (-70 + -79 + 53)?
58
What is (80 + -136 - -36) + 72?
52
Evaluate -1 + -4 - (-112 + 60 + 50).
-3
Evaluate (-31 - (102 + -195)) + 9 + 2.
73
What is 98 + -57 - (3 - 23)?
61
Evaluate